{"id":18598,"date":"2024-07-25T09:56:40","date_gmt":"2024-07-25T09:56:40","guid":{"rendered":"https:\/\/www.entebilateralepadova.it\/terziario\/?page_id=18598"},"modified":"2026-01-23T09:15:31","modified_gmt":"2026-01-23T09:15:31","slug":"d-21-bonus","status":"publish","type":"page","link":"https:\/\/www.entebilateralepadova.it\/terziario\/d-21-bonus\/","title":{"rendered":"D\/21 BONUS MATERNITA\u2019\/PATERNITA\u2019 OLTRE PERIODO FACOLTATIVO"},"content":{"rendered":"<p>[vc_row row_type=&#8221;row&#8221; content_width=&#8221;full-width&#8221; anchor=&#8221;&#8221; content_aligment=&#8221;left&#8221; css_animation=&#8221;&#8221;][vc_column][vc_column_text]<strong>Alla lavoratrice madre o in sostituzione al lavoratore padre, aderente almeno da 3 mesi<\/strong>,\u00a0 che, goduto tutto il periodo previsto dalla legge per l\u2019astensione facoltativa post-maternit\u00e0, richieda ed ottenga dall\u2019azienda un periodo di astensione non retribuita a partire dal termine dell\u2019astensione facoltativa,\u00a0 verr\u00e0 erogato un contributo di importo pari a euro 300,00 lordi al mese per massimo 3 mensilit\u00e0 (se l&#8217;astensione \u00e8 goduta non per il mese intero ma ad ore, \u00e8 necessario inviare la documentazione per un periodo di astensione pari ad almeno 40 ore).<\/p>\n<p>Il richiedente, con il <strong>modello apposito di richiesta COMPILATO IN TUTTE LE SUE PARTI<\/strong>, <strong>DEVE ALLEGARE TUTTA LA SEGUENTE DOCUMENTAZIONE:<\/strong><\/p>\n<ul>\n<li>Modulo di richiesta;<\/li>\n<li>Lettere di richiesta e di concessione dell\u2019astensione non retribuita per maternit\u00e0\/paternit\u00e0 post facoltativa;<\/li>\n<li>Busta paga del mese antecedente l\u2019astensione facoltativa;<\/li>\n<li>Buste paga del periodo di astensione non retribuita<\/li>\n<\/ul>\n<p>Nel caso di genitori entrambi lavoratori del settore terziario, il sussidio sar\u00e0 erogato solo ad uno dei due richiedenti.<\/p>\n<p>TERMINI DI PRESENTAZIONE: entro 90 GIORNI dal termine DEL PERIODO DI ASTENSIONE post facoltativa<\/p>\n<p style=\"text-align: justify;\"><strong>SI RICORDA CHE LE DOMANDE VANNO SPEDITE ESCLUSIVAMENTE TRAMITE L&#8217;APPOSITA AREA RISERVATA<\/strong><\/p>\n<p style=\"text-align: justify;\"><strong>SI RICORDA CHE I SUSSIDI VERRANNO EROGATI IN BASE ALLE DISPONIBILITA&#8217; ECONOMICHE DELL&#8217;ENTE e pertanto L\u2019Ente, a suo insindacabile giudizio, in relazione ai capitoli di spesa che saranno periodicamente valutati compatibilmente con le disponibilit\u00e0 economiche, si riserva di poter modificare o annullare l&#8217;erogazione di tutti o di parte dei sussidi offerti alle aziende e ai lavoratori. L\u2019Ente si riserva inoltre di valutare le domande pervenute entro i termini previsti secondo il criterio di precedenza e il criterio di turnazione in base alle risorse disponibili.<\/strong><\/p>\n<p style=\"text-align: justify;\">Le domande incomplete e non rispondenti al regolamento o che pervenissero fuori del termine stabilito non saranno prese in considerazione.<\/p>\n<p>&nbsp;<\/p>\n<p>Clicca sul link per accedere all&#8217;AREA RISERVATA <a href=\"https:\/\/terziario.ar.entebilateralepadova.it\/\/ar_login.jsp\" target=\"_blank\" rel=\"noopener\"><em>terziario.ar.entebilateralepadova.it<\/em><\/a>[\/vc_column_text][\/vc_column][\/vc_row]<\/p>\n","protected":false},"excerpt":{"rendered":"<p>[vc_row row_type=&#8221;row&#8221; content_width=&#8221;full-width&#8221; anchor=&#8221;&#8221; content_aligment=&#8221;left&#8221; css_animation=&#8221;&#8221;][vc_column][vc_column_text]Alla lavoratrice madre o in sostituzione al lavoratore padre, aderente almeno da 3 mesi,\u00a0 che, goduto tutto il periodo previsto dalla legge per l\u2019astensione facoltativa post-maternit\u00e0, richieda ed ottenga dall\u2019azienda un periodo di astensione non retribuita a partire dal termine&#8230;<\/p>\n","protected":false},"author":3,"featured_media":6784,"parent":0,"menu_order":0,"comment_status":"closed","ping_status":"closed","template":"","meta":{"_acf_changed":false,"footnotes":""},"class_list":["post-18598","page","type-page","status-publish","has-post-thumbnail","hentry"],"acf":[],"_links":{"self":[{"href":"https:\/\/www.entebilateralepadova.it\/terziario\/wp-json\/wp\/v2\/pages\/18598","targetHints":{"allow":["GET"]}}],"collection":[{"href":"https:\/\/www.entebilateralepadova.it\/terziario\/wp-json\/wp\/v2\/pages"}],"about":[{"href":"https:\/\/www.entebilateralepadova.it\/terziario\/wp-json\/wp\/v2\/types\/page"}],"author":[{"embeddable":true,"href":"https:\/\/www.entebilateralepadova.it\/terziario\/wp-json\/wp\/v2\/users\/3"}],"replies":[{"embeddable":true,"href":"https:\/\/www.entebilateralepadova.it\/terziario\/wp-json\/wp\/v2\/comments?post=18598"}],"version-history":[{"count":9,"href":"https:\/\/www.entebilateralepadova.it\/terziario\/wp-json\/wp\/v2\/pages\/18598\/revisions"}],"predecessor-version":[{"id":31988,"href":"https:\/\/www.entebilateralepadova.it\/terziario\/wp-json\/wp\/v2\/pages\/18598\/revisions\/31988"}],"wp:featuredmedia":[{"embeddable":true,"href":"https:\/\/www.entebilateralepadova.it\/terziario\/wp-json\/wp\/v2\/media\/6784"}],"wp:attachment":[{"href":"https:\/\/www.entebilateralepadova.it\/terziario\/wp-json\/wp\/v2\/media?parent=18598"}],"curies":[{"name":"wp","href":"https:\/\/api.w.org\/{rel}","templated":true}]}}