{"id":8914,"date":"2021-05-05T12:52:27","date_gmt":"2021-05-05T12:52:27","guid":{"rendered":"https:\/\/www.entebilateralepadova.it\/terziario\/?page_id=8914"},"modified":"2021-05-05T13:17:13","modified_gmt":"2021-05-05T13:17:13","slug":"parere-conformita-assunzione-a-tempo-parziale","status":"publish","type":"page","link":"https:\/\/www.entebilateralepadova.it\/terziario\/parere-conformita-assunzione-a-tempo-parziale\/","title":{"rendered":"PARERE CONFORMITA&#8217; ASSUNZIONE A TEMPO PARZIALE"},"content":{"rendered":"<p>La richiesta di parere di conformit\u00e0 per assunzione a tempo parziale funziona allo stesso modo della richiesta del parere per assunzione apprendista, quindi se non si \u00e8 gi\u00e0 in possesso della password per l\u2019utilizzo del portale\u00a0 <a href=\"http:\/\/ebt.entebilateralepadova.it\">http:\/\/ebt.entebilateralepadova.it<\/a><\/p>\n<ol>\n<li>Fare richiesta via e-mail alla segreteria dell\u2019ente ai seguenti indirizzi: <a href=\"mailto:segreteria@entebilaterale.net\">segreteria@entebilateralepadova.it<\/a>; <a href=\"mailto:info@entebilaterale.net\">info@entebilateralepadova.it<\/a> );<\/li>\n<\/ol>\n<ol>\n<li>Entrare nel sito <a href=\"http:\/\/ebt.entebilateralepadova.it\">ebt.entebilateralepadova.it<\/a> con la password rilasciata dall\u2019Ente Bilaterale di Padova<\/li>\n<\/ol>\n<ol start=\"3\">\n<li>Andare alla voce \u201cPARERI DI CONFORMITA\u2019\u201d, per compilare la richiesta di parere di conformit\u00e0<\/li>\n<li>Cliccare sul bottone \u201cINSERISCI NUOVO PARERE\u201d<\/li>\n<li>Compilare il modulo PARERE DI CONFORMITA\u2019 in tutti i campi altrimenti il sistema non permetter\u00e0 di continuare (apporre anche il flag per la firma digitale e il flag per il consenso al trattamento dati)<\/li>\n<li>Una volta compilato il modulo, cliccare sul bottone \u201cSALVA\u201d in fondo alla pagina<\/li>\n<li>Se non \u00e8 necessario apportare modifiche, cliccare sul bottone \u201cINVIA IL PARERE ALL\u2019ENTE\u201d per inviare alla Commissione Paritetica la richiesta di parere<\/li>\n<\/ol>\n<p>Una volta riunitasi la Commissione Paritetica*, arriver\u00e0 all\u2019indirizzo e-mail che avrete indicato in alto a sinistra nel modulo parere di conformit\u00e0 (dove c\u2019\u00e8 l\u2019intestazione \u201cSpett. COMMISSIONE PARITETICA PROVINCIALE\u201d\u2026) l\u2019avviso che il parere \u00e8 stato approvato e quindi entrando nel sito <a href=\"http:\/\/ebt.entebilateralepadova.it\">http:\/\/ebt.entebilateralepadova.it<\/a> potrete visionarlo e stamparlo.<\/p>\n<p>*<strong><em>Per tutte le richieste di parere di conformit\u00e0 compilate sul portale <\/em><\/strong><a href=\"http:\/\/ebt.entebilateralepadova.it\">http:\/\/ebt.entebilateralepadova.it<\/a> <strong><em>e sottoposte alla Commissione Paritetica entro il luned\u00ec mattina verr\u00e0 data una risposta entro il gioved\u00ec successivo; per tutte le richieste di parere di conformit\u00e0 compilate e sottoposte alla Commissione entro il gioved\u00ec mattina verr\u00e0 data una risposta entro il luned\u00ec successivo.<\/em><\/strong><\/p>\n<ul>\n<li style=\"text-align: left;\"><a href=\"https:\/\/www.entebilateralepadova.it\/terziario\/wp-content\/uploads\/2021\/05\/Regolamento-Costituzione-Commissione-rilascio-parere-vincolante-part-time-28.01.2020.pdf\">Regolamento Costituzione Commissione rilascio parere vincolante part time 28.01.2020<\/a><\/li>\n<li><a href=\"https:\/\/www.entebilateralepadova.it\/terziario\/wp-content\/uploads\/2021\/05\/ISTANZA-DI-PARERE-DI-CONFORMITA-PART-TIME-2020.pdf\">ISTANZA DI PARERE DI CONFORMITA&#8217; PART TIME 2020<\/a><\/li>\n<\/ul>\n","protected":false},"excerpt":{"rendered":"<p>La richiesta di parere di conformit\u00e0 per assunzione a tempo parziale funziona allo stesso modo della richiesta del parere per assunzione apprendista, quindi se non si \u00e8 gi\u00e0 in possesso della password per l\u2019utilizzo del portale\u00a0 http:\/\/ebt.entebilateralepadova.it Fare richiesta via e-mail alla segreteria dell\u2019ente ai&#8230;<\/p>\n","protected":false},"author":3,"featured_media":6784,"parent":0,"menu_order":0,"comment_status":"closed","ping_status":"closed","template":"","meta":{"_acf_changed":false,"footnotes":""},"class_list":["post-8914","page","type-page","status-publish","has-post-thumbnail","hentry"],"acf":[],"_links":{"self":[{"href":"https:\/\/www.entebilateralepadova.it\/terziario\/wp-json\/wp\/v2\/pages\/8914","targetHints":{"allow":["GET"]}}],"collection":[{"href":"https:\/\/www.entebilateralepadova.it\/terziario\/wp-json\/wp\/v2\/pages"}],"about":[{"href":"https:\/\/www.entebilateralepadova.it\/terziario\/wp-json\/wp\/v2\/types\/page"}],"author":[{"embeddable":true,"href":"https:\/\/www.entebilateralepadova.it\/terziario\/wp-json\/wp\/v2\/users\/3"}],"replies":[{"embeddable":true,"href":"https:\/\/www.entebilateralepadova.it\/terziario\/wp-json\/wp\/v2\/comments?post=8914"}],"version-history":[{"count":5,"href":"https:\/\/www.entebilateralepadova.it\/terziario\/wp-json\/wp\/v2\/pages\/8914\/revisions"}],"predecessor-version":[{"id":8922,"href":"https:\/\/www.entebilateralepadova.it\/terziario\/wp-json\/wp\/v2\/pages\/8914\/revisions\/8922"}],"wp:featuredmedia":[{"embeddable":true,"href":"https:\/\/www.entebilateralepadova.it\/terziario\/wp-json\/wp\/v2\/media\/6784"}],"wp:attachment":[{"href":"https:\/\/www.entebilateralepadova.it\/terziario\/wp-json\/wp\/v2\/media?parent=8914"}],"curies":[{"name":"wp","href":"https:\/\/api.w.org\/{rel}","templated":true}]}}