{"id":5728,"date":"2018-02-01T13:15:04","date_gmt":"2018-02-01T13:15:04","guid":{"rendered":"http:\/\/www.sipeopleftp.it\/777\/?page_id=5728"},"modified":"2026-01-23T10:45:51","modified_gmt":"2026-01-23T09:45:51","slug":"contributo-per-aziende-che-assumono-a-tempo-indeterminato-oppure-determinato-per-almeno-12-mesi","status":"publish","type":"page","link":"https:\/\/www.entebilateralepadova.it\/turismo\/contributo-per-aziende-che-assumono-a-tempo-indeterminato-oppure-determinato-per-almeno-12-mesi\/","title":{"rendered":"A\/14 CONTRIBUTO PER AZIENDE CHE ASSUMONO A TEMPO INDETERMINATO OPPURE DETERMINATO PER ALMENO 12 MESI"},"content":{"rendered":"<p>[vc_row row_type=&#8221;row&#8221; content_width=&#8221;grid&#8221; anchor=&#8221;&#8221; content_aligment=&#8221;left&#8221; css_animation=&#8221;&#8221;][vc_column][vc_empty_space]<div class=\"eltd-section-title-outer-holder animate\" style=\"text-align: center\">\n\t<div class=\"eltd-section-title-subtitle-holder\">\n\t\t<h3 class=\"eltd-section-subtitle\" style=\"font-size: 19px;\">A\/14 CONTRIBUTO PER AZIENDE CHE ASSUMONO A TEMPO INDETERMINATO OPPURE DETERMINATO PER ALMENO 12 MESI<\/h3>\n\t<\/div>\n\t<div class=\"eltd-section-title-holder\">\n\t\t<h2 class=\"eltd-section-title\" style=\";\"><\/h2>\n\t<\/div>\n<\/div>[vc_empty_space height=&#8221;15px&#8221;][vc_column_text]Alle aziende, aderenti da almeno 6 mesi, che assumono a tempo determinato per almeno 12 mesi verr\u00e0 erogato un contributo di importo <strong>pari euro 500,00 lordi una tantum <\/strong>per ogni contratto di almeno 24 ore settimanali o superiori, mentre sar\u00e0 erogato un importo pari a <strong>euro 200,00 lordi una tantum se il contratto prevede meno di 24 ore settimanali <\/strong>(erogato dopo i 12 MESI e per massimo 2 contratti all\u2019anno). Verr\u00e0 poi erogato alle aziende <strong>un ulteriore importo di euro 500,00 lordi una tantum se il rapporto di lavoro sar\u00e0 instaurato subito a tempo indeterminato o verr\u00e0 trasformato in contratto a tempo indeterminato, dopo i primi 12 mesi.<\/strong><\/p>\n<p>L\u2019azienda richiedente deve inviare oltre al<strong> modello apposito di richiesta COMPILATO IN TUTTE LE SUE PARTI, TUTTA LA SEGUENTE DOCUMENTAZIONE<\/strong>:<\/p>\n<p>\u2013 copia LUL (libretto unico del lavoro) relativo ai primi 12 mesi del rapporto e all\u2019eventuale trasformazione in contratto a tempo indeterminato oppure copia di tutte le buste paga relative ai 12 mesi di contratto a tempo determinato e\/o ultima copia della busta paga del mese dopo il superamento del periodo di prova in caso di assunzione a tempo indeterminato;<\/p>\n<p>\u2013 autodichiarazione che attesti che l\u2019assunzione non avvenga a seguito di verifiche ispettive degli organi preposti al controllo;<\/p>\n<p>\u2013 copia della lettera di assunzione.<\/p>\n<p><strong>TERMINI DI PRESENTAZIONE:<\/strong> entro 90 giorni dal termine del rapporto di lavoro a tempo determinato ed entro 90 giorni dopo il superamento del periodo di prova in caso di assunzione a tempo indeterminato.<\/p>\n<p><strong>SI RICORDA CHE LE DOMANDE VANNO SPEDITE ESCLUSIVAMENTE TRAMITE L\u2019APPOSITA AREA RISERVATA<\/strong><\/p>\n<p>Le domande incomplete e non rispondenti alla documentazione richiesta o che pervenissero fuori del termine stabilito non saranno prese in considerazione.<\/p>\n<p>SI RICORDA CHE I SUSSIDI VERRANNO EROGATI IN BASE ALLE DISPONIBILITA&#8217; ECONOMICHE DELL&#8217;ENTE e pertanto L\u2019Ente, a suo insindacabile giudizio, in relazione ai capitoli di spesa che saranno periodicamente valutati compatibilmente con le disponibilit\u00e0 economiche, si riserva di poter modificare o annullare l&#8217;erogazione di tutti o di parte dei sussidi offerti alle aziende e ai lavoratori.<\/p>\n<p>L\u2019Ente si riserva inoltre di valutare le domande pervenute entro i termini previsti secondo il criterio di precedenza e il criterio di turnazione in base alle risorse disponibili.<\/p>\n<p>&nbsp;<\/p>\n<p>Per accedere all&#8217;AREA RISERVATA clicca sul link <a href=\"https:\/\/turismo.ar.entebilateralepadova.it\/\/ar_login.jsp\" target=\"_blank\" rel=\"noopener\"><em>turismo.ar.entebilateralepadova.it\u00a0<\/em><\/a>[\/vc_column_text][\/vc_column][\/vc_row][vc_row row_type=&#8221;row&#8221; content_width=&#8221;full-width&#8221; anchor=&#8221;&#8221; content_aligment=&#8221;left&#8221; css_animation=&#8221;&#8221; css=&#8221;.vc_custom_1515600245671{margin-top: 0px !important;border-top-width: 0px !important;padding-top: 0px !important;}&#8221;][vc_column][vc_empty_space height=&#8221;60px&#8221;]\n\n\t<div class=\"eltd-call-to-action normal\" style=\"padding: 10px 0px 0px 0px;;background-color: #ec582f;\">\n\n\t\t\t\t<div class=\"eltd-container-inner\">\n\t\t\t\t\t<div class=\"eltd-call-to-action-row-75-25 clearfix\">\n\t\t\n\t\t\t\t<div class=\"eltd-text-wrapper eltd-call-to-action-column1 eltd-call-to-action-cell\">\n\n\t\t\t\t\n\t\t\t\t\t<div class=\"eltd-call-to-action-text\" >\n\t\t\t\t\t\t<\/p>\n<h6 style=\"color: #fff !important;\">Per maggiori informazioni Vi preghiamo di contattare la Segreteria al n. <a href=\"tel:+390498209821\">049\/8209821<\/a> &#8211; <a href=\"tel:+390498209790\">049\/8209790<\/a><\/h6>\n<p>\t\t\t\t\t<\/div>\n\n\t\t\t\t<\/div>\n\n\t\t\t\t\n\t\t\t\t\t<div class=\"eltd-button-wrapper eltd-call-to-action-column2 eltd-call-to-action-cell\" style =\"text-align: right ;\">\n\n\t\t\t\t\t\t<a href=\"https:\/\/www.entebilateralepadova.it\/turismo\/?page_id=2746\" target=\"_self\" style=\"background-color: #ec582f\" class=\"eltd-btn eltd-btn-medium eltd-btn-solid\"  >    <span class=\"eltd-btn-text\">CONTATTACI<\/span>    <\/a>\n\t\t\t\t\t<\/div>\n\n\t\t\t\t\n\t\t\t<\/div>\n\n\t\t\t\t<\/div>\n\t\t\n\t<\/div>\n\n[\/vc_column][\/vc_row]<\/p>\n","protected":false},"excerpt":{"rendered":"<p>[vc_row row_type=&#8221;row&#8221; content_width=&#8221;grid&#8221; anchor=&#8221;&#8221; content_aligment=&#8221;left&#8221; css_animation=&#8221;&#8221;][vc_column][vc_empty_space][vc_empty_space height=&#8221;15px&#8221;][vc_column_text]Alle aziende, aderenti da almeno 6 mesi, che assumono a tempo determinato per almeno 12 mesi verr\u00e0 erogato un contributo di importo pari euro 500,00 lordi una tantum per ogni contratto di almeno 24 ore settimanali o superiori, mentre&#8230;<\/p>\n","protected":false},"author":1,"featured_media":0,"parent":0,"menu_order":0,"comment_status":"closed","ping_status":"closed","template":"full-width.php","meta":{"_acf_changed":false,"footnotes":""},"class_list":["post-5728","page","type-page","status-publish","hentry"],"acf":[],"_links":{"self":[{"href":"https:\/\/www.entebilateralepadova.it\/turismo\/wp-json\/wp\/v2\/pages\/5728","targetHints":{"allow":["GET"]}}],"collection":[{"href":"https:\/\/www.entebilateralepadova.it\/turismo\/wp-json\/wp\/v2\/pages"}],"about":[{"href":"https:\/\/www.entebilateralepadova.it\/turismo\/wp-json\/wp\/v2\/types\/page"}],"author":[{"embeddable":true,"href":"https:\/\/www.entebilateralepadova.it\/turismo\/wp-json\/wp\/v2\/users\/1"}],"replies":[{"embeddable":true,"href":"https:\/\/www.entebilateralepadova.it\/turismo\/wp-json\/wp\/v2\/comments?post=5728"}],"version-history":[{"count":25,"href":"https:\/\/www.entebilateralepadova.it\/turismo\/wp-json\/wp\/v2\/pages\/5728\/revisions"}],"predecessor-version":[{"id":14821,"href":"https:\/\/www.entebilateralepadova.it\/turismo\/wp-json\/wp\/v2\/pages\/5728\/revisions\/14821"}],"wp:attachment":[{"href":"https:\/\/www.entebilateralepadova.it\/turismo\/wp-json\/wp\/v2\/media?parent=5728"}],"curies":[{"name":"wp","href":"https:\/\/api.w.org\/{rel}","templated":true}]}}